{"id":3416,"date":"2024-03-13T08:25:05","date_gmt":"2024-03-13T08:25:05","guid":{"rendered":"https:\/\/gicopa.be\/index.php\/our-story\/"},"modified":"2024-09-23T08:13:31","modified_gmt":"2024-09-23T08:13:31","slug":"our-story","status":"publish","type":"page","link":"https:\/\/gicopa.be\/index.php\/our-story\/?lang=en","title":{"rendered":"our story"},"content":{"rendered":"\t\t<div data-elementor-type=\"wp-page\" data-elementor-id=\"3416\" class=\"elementor elementor-3416 elementor-257\" data-elementor-post-type=\"page\">\n\t\t\t\t<div class=\"elementor-element elementor-element-111cadf e-flex e-con-boxed e-con e-parent\" data-id=\"111cadf\" data-element_type=\"container\" data-e-type=\"container\" data-settings=\"{&quot;background_background&quot;:&quot;classic&quot;}\">\n\t\t\t\t\t<div class=\"e-con-inner\">\n\t\t<div class=\"elementor-element elementor-element-2389ca6 e-flex e-con-boxed e-con e-child\" data-id=\"2389ca6\" data-element_type=\"container\" data-e-type=\"container\">\n\t\t\t\t\t<div class=\"e-con-inner\">\n\t\t<div class=\"elementor-element elementor-element-812cc30 e-con-full e-flex e-con e-child\" data-id=\"812cc30\" data-element_type=\"container\" data-e-type=\"container\">\n\t\t\t\t<div class=\"elementor-element elementor-element-b767284 elementor-widget elementor-widget-text-editor\" data-id=\"b767284\" data-element_type=\"widget\" data-e-type=\"widget\" data-widget_type=\"text-editor.default\">\n\t\t\t\t<div class=\"elementor-widget-container\">\n\t\t\t\t\t\t\t\t\t<p>Our<\/p>\t\t\t\t\t\t\t\t<\/div>\n\t\t\t\t<\/div>\n\t\t\t\t<div class=\"elementor-element elementor-element-7258ee2 elementor-widget elementor-widget-text-editor\" data-id=\"7258ee2\" data-element_type=\"widget\" data-e-type=\"widget\" data-widget_type=\"text-editor.default\">\n\t\t\t\t<div class=\"elementor-widget-container\">\n\t\t\t\t\t\t\t\t\t<p>Story<\/p>\t\t\t\t\t\t\t\t<\/div>\n\t\t\t\t<\/div>\n\t\t\t\t<\/div>\n\t\t\t\t\t<\/div>\n\t\t\t\t<\/div>\n\t\t\t\t\t<\/div>\n\t\t\t\t<\/div>\n\t\t<div class=\"elementor-element elementor-element-f6fd947 e-flex e-con-boxed e-con e-parent\" data-id=\"f6fd947\" data-element_type=\"container\" data-e-type=\"container\" data-settings=\"{&quot;background_background&quot;:&quot;classic&quot;}\">\n\t\t\t\t\t<div class=\"e-con-inner\">\n\t\t\t\t<div class=\"elementor-element elementor-element-73fc402 elementor-widget elementor-widget-spacer\" data-id=\"73fc402\" data-element_type=\"widget\" data-e-type=\"widget\" data-widget_type=\"spacer.default\">\n\t\t\t\t<div class=\"elementor-widget-container\">\n\t\t\t\t\t\t\t<div class=\"elementor-spacer\">\n\t\t\t<div class=\"elementor-spacer-inner\"><\/div>\n\t\t<\/div>\n\t\t\t\t\t\t<\/div>\n\t\t\t\t<\/div>\n\t\t<div class=\"elementor-element elementor-element-a1f26d9 e-con-full e-flex e-con e-child\" data-id=\"a1f26d9\" data-element_type=\"container\" data-e-type=\"container\">\n\t\t<div class=\"elementor-element elementor-element-a60c6fa e-con-full e-flex e-con e-child\" data-id=\"a60c6fa\" data-element_type=\"container\" data-e-type=\"container\">\n\t\t\t\t<div class=\"elementor-element elementor-element-d380a0d elementor-widget elementor-widget-image\" data-id=\"d380a0d\" data-element_type=\"widget\" data-e-type=\"widget\" data-widget_type=\"image.default\">\n\t\t\t\t<div class=\"elementor-widget-container\">\n\t\t\t\t\t\t\t\t\t\t\t\t\t\t\t<img fetchpriority=\"high\" decoding=\"async\" width=\"530\" height=\"588\" src=\"https:\/\/gicopa.be\/wp-content\/uploads\/2024\/03\/GICOPA___MR_ET_MME_GILLARD-copie-1-1.png\" class=\"attachment-large size-large wp-image-278\" alt=\"\" srcset=\"https:\/\/gicopa.be\/wp-content\/uploads\/2024\/03\/GICOPA___MR_ET_MME_GILLARD-copie-1-1.png 530w, https:\/\/gicopa.be\/wp-content\/uploads\/2024\/03\/GICOPA___MR_ET_MME_GILLARD-copie-1-1-270x300.png 270w\" sizes=\"(max-width: 530px) 100vw, 530px\" \/>\t\t\t\t\t\t\t\t\t\t\t\t\t\t\t<\/div>\n\t\t\t\t<\/div>\n\t\t\t\t<\/div>\n\t\t<div class=\"elementor-element elementor-element-f245057 e-con-full e-flex e-con e-child\" data-id=\"f245057\" data-element_type=\"container\" data-e-type=\"container\">\n\t\t\t\t<div class=\"elementor-element elementor-element-592eb0d elementor-widget elementor-widget-spacer\" data-id=\"592eb0d\" data-element_type=\"widget\" data-e-type=\"widget\" data-widget_type=\"spacer.default\">\n\t\t\t\t<div class=\"elementor-widget-container\">\n\t\t\t\t\t\t\t<div class=\"elementor-spacer\">\n\t\t\t<div class=\"elementor-spacer-inner\"><\/div>\n\t\t<\/div>\n\t\t\t\t\t\t<\/div>\n\t\t\t\t<\/div>\n\t\t\t\t<\/div>\n\t\t<div class=\"elementor-element elementor-element-a5eeead e-con-full e-flex e-con e-child\" data-id=\"a5eeead\" data-element_type=\"container\" data-e-type=\"container\">\n\t\t\t\t<div class=\"elementor-element elementor-element-c406b21 elementor-widget elementor-widget-text-editor\" data-id=\"c406b21\" data-element_type=\"widget\" data-e-type=\"widget\" data-widget_type=\"text-editor.default\">\n\t\t\t\t<div class=\"elementor-widget-container\">\n\t\t\t\t\t\t\t\t\tGI<span style=\"color: #ffff; font-family: playfair\">llard<\/span> CO<span style=\"color: #ffff; font-family: playfair\">nfiserie<\/span> PA<span style=\"color: #ffff; font-family: playfair\">in d\u2019\u00e9pice<\/span>\t\t\t\t\t\t\t\t<\/div>\n\t\t\t\t<\/div>\n\t\t\t\t<div class=\"elementor-element elementor-element-c9b2b94 elementor-widget elementor-widget-text-editor\" data-id=\"c9b2b94\" data-element_type=\"widget\" data-e-type=\"widget\" data-widget_type=\"text-editor.default\">\n\t\t\t\t<div class=\"elementor-widget-container\">\n\t\t\t\t\t\t\t\t\t<p>The story of Gicopa (GIllard COnfiserie &amp; PAin d&rsquo;\u00e9pices) starts in 1895 in central Li\u00e8ge, south-east Belgium. On a daily basis Mr Gillard produces in his workshop sugar based candies, biscuits such as marzipan, macaroons, gingerbread as well as chocolats. Over the years the company becomes gradually more specialised in confectionery, with Gicopa branded products sold nationwide in thousands of small shops as well as at Carrefour, Delhaize and Colruyt.<\/p>\t\t\t\t\t\t\t\t<\/div>\n\t\t\t\t<\/div>\n\t\t\t\t<\/div>\n\t\t\t\t<\/div>\n\t\t\t\t\t<\/div>\n\t\t\t\t<\/div>\n\t\t<div class=\"elementor-element elementor-element-17465f8 e-flex e-con-boxed e-con e-parent\" data-id=\"17465f8\" data-element_type=\"container\" data-e-type=\"container\">\n\t\t\t\t\t<div class=\"e-con-inner\">\n\t\t<div class=\"elementor-element elementor-element-5840c5a e-con-full e-flex e-con e-child\" data-id=\"5840c5a\" data-element_type=\"container\" data-e-type=\"container\">\n\t\t\t\t<div class=\"elementor-element elementor-element-f1ebe76 elementor-widget elementor-widget-spacer\" data-id=\"f1ebe76\" data-element_type=\"widget\" data-e-type=\"widget\" data-widget_type=\"spacer.default\">\n\t\t\t\t<div class=\"elementor-widget-container\">\n\t\t\t\t\t\t\t<div class=\"elementor-spacer\">\n\t\t\t<div class=\"elementor-spacer-inner\"><\/div>\n\t\t<\/div>\n\t\t\t\t\t\t<\/div>\n\t\t\t\t<\/div>\n\t\t\t\t<div class=\"elementor-element elementor-element-f436ca0 elementor-widget elementor-widget-text-editor\" data-id=\"f436ca0\" data-element_type=\"widget\" data-e-type=\"widget\" data-widget_type=\"text-editor.default\">\n\t\t\t\t<div class=\"elementor-widget-container\">\n\t\t\t\t\t\t\t\t\t<p>GICOPA &#8211; famous for La Vraie Violette de Li\u00e8ge\u00ae<\/p>\t\t\t\t\t\t\t\t<\/div>\n\t\t\t\t<\/div>\n\t\t\t\t<div class=\"elementor-element elementor-element-01a7a5a elementor-widget elementor-widget-text-editor\" data-id=\"01a7a5a\" data-element_type=\"widget\" data-e-type=\"widget\" data-widget_type=\"text-editor.default\">\n\t\t\t\t<div class=\"elementor-widget-container\">\n\t\t\t\t\t\t\t\t\t<p>Together with La Violette de Toulouse our Vraie Violette de Li\u00e8ge\u00ae is probably the world&rsquo;s most nostalgic candy. A real Li\u00e8ge specialty, this flower shaped candy is distributed to newly wed couples in the Li\u00e8ge city hall which is called La Violette and situated&#8230; rue de la Violette.<br \/>Gicopa is also well know for it&rsquo;s large variety of other flavours, as well as the chopped candy sold on street markets. The Very Sour Cherry and the raspberry candy have both been sold for many many decades, as well as liquorice, eucalyptus, the flower mix etc. etc.<\/p>\t\t\t\t\t\t\t\t<\/div>\n\t\t\t\t<\/div>\n\t\t\t\t<div class=\"elementor-element elementor-element-6cb9865 elementor-widget elementor-widget-image\" data-id=\"6cb9865\" data-element_type=\"widget\" data-e-type=\"widget\" data-widget_type=\"image.default\">\n\t\t\t\t<div class=\"elementor-widget-container\">\n\t\t\t\t\t\t\t\t\t\t\t\t\t\t\t<img decoding=\"async\" width=\"800\" height=\"302\" src=\"https:\/\/gicopa.be\/wp-content\/uploads\/2024\/09\/Group-513_2-1024x386.png\" class=\"attachment-large size-large wp-image-3376\" alt=\"\" srcset=\"https:\/\/gicopa.be\/wp-content\/uploads\/2024\/09\/Group-513_2-1024x386.png 1024w, https:\/\/gicopa.be\/wp-content\/uploads\/2024\/09\/Group-513_2-300x113.png 300w, https:\/\/gicopa.be\/wp-content\/uploads\/2024\/09\/Group-513_2-768x290.png 768w, https:\/\/gicopa.be\/wp-content\/uploads\/2024\/09\/Group-513_2.png 1079w\" sizes=\"(max-width: 800px) 100vw, 800px\" \/>\t\t\t\t\t\t\t\t\t\t\t\t\t\t\t<\/div>\n\t\t\t\t<\/div>\n\t\t\t\t<div class=\"elementor-element elementor-element-abbec56 elementor-widget elementor-widget-spacer\" data-id=\"abbec56\" data-element_type=\"widget\" data-e-type=\"widget\" data-widget_type=\"spacer.default\">\n\t\t\t\t<div class=\"elementor-widget-container\">\n\t\t\t\t\t\t\t<div class=\"elementor-spacer\">\n\t\t\t<div class=\"elementor-spacer-inner\"><\/div>\n\t\t<\/div>\n\t\t\t\t\t\t<\/div>\n\t\t\t\t<\/div>\n\t\t\t\t<\/div>\n\t\t\t\t\t<\/div>\n\t\t\t\t<\/div>\n\t\t<div class=\"elementor-element elementor-element-2291969 e-flex e-con-boxed e-con e-parent\" data-id=\"2291969\" data-element_type=\"container\" data-e-type=\"container\" data-settings=\"{&quot;background_background&quot;:&quot;classic&quot;}\">\n\t\t\t\t\t<div class=\"e-con-inner\">\n\t\t<div class=\"elementor-element elementor-element-a8fb17c e-con-full e-flex e-con e-child\" data-id=\"a8fb17c\" data-element_type=\"container\" data-e-type=\"container\">\n\t\t<div class=\"elementor-element elementor-element-d30a02b e-con-full e-flex e-con e-child\" data-id=\"d30a02b\" data-element_type=\"container\" data-e-type=\"container\">\n\t\t\t\t<div class=\"elementor-element elementor-element-7431b89 elementor-widget elementor-widget-spacer\" data-id=\"7431b89\" data-element_type=\"widget\" data-e-type=\"widget\" data-widget_type=\"spacer.default\">\n\t\t\t\t<div class=\"elementor-widget-container\">\n\t\t\t\t\t\t\t<div class=\"elementor-spacer\">\n\t\t\t<div class=\"elementor-spacer-inner\"><\/div>\n\t\t<\/div>\n\t\t\t\t\t\t<\/div>\n\t\t\t\t<\/div>\n\t\t\t\t<div class=\"elementor-element elementor-element-be52fb6 elementor-widget elementor-widget-text-editor\" data-id=\"be52fb6\" data-element_type=\"widget\" data-e-type=\"widget\" data-widget_type=\"text-editor.default\">\n\t\t\t\t<div class=\"elementor-widget-container\">\n\t\t\t\t\t\t\t\t\t<p>130 years later<\/p>\t\t\t\t\t\t\t\t<\/div>\n\t\t\t\t<\/div>\n\t\t\t\t<div class=\"elementor-element elementor-element-0ed9490 elementor-widget elementor-widget-text-editor\" data-id=\"0ed9490\" data-element_type=\"widget\" data-e-type=\"widget\" data-widget_type=\"text-editor.default\">\n\t\t\t\t<div class=\"elementor-widget-container\">\n\t\t\t\t\t\t\t\t\t<p>The producer of artisanal candy is still a totally independent family company. With our 8 employees we continue producing sweets for all and everyone, with respect for our history and with traditional recipes handed over for generations. This total dedication combined with strict quality criteria and modern work ethics makes Gicopa ready for the future.<\/p>\t\t\t\t\t\t\t\t<\/div>\n\t\t\t\t<\/div>\n\t\t\t\t<\/div>\n\t\t<div class=\"elementor-element elementor-element-474c0fc e-con-full e-flex e-con e-child\" data-id=\"474c0fc\" data-element_type=\"container\" data-e-type=\"container\">\n\t\t\t\t<div class=\"elementor-element elementor-element-d3e74fc elementor-widget elementor-widget-image\" data-id=\"d3e74fc\" data-element_type=\"widget\" data-e-type=\"widget\" data-widget_type=\"image.default\">\n\t\t\t\t<div class=\"elementor-widget-container\">\n\t\t\t\t\t\t\t\t\t\t\t\t\t\t\t<img decoding=\"async\" width=\"499\" height=\"699\" src=\"https:\/\/gicopa.be\/wp-content\/uploads\/2024\/03\/Gicopa-portraits-1-1.png\" class=\"attachment-large size-large wp-image-447\" alt=\"\" srcset=\"https:\/\/gicopa.be\/wp-content\/uploads\/2024\/03\/Gicopa-portraits-1-1.png 499w, https:\/\/gicopa.be\/wp-content\/uploads\/2024\/03\/Gicopa-portraits-1-1-214x300.png 214w\" sizes=\"(max-width: 499px) 100vw, 499px\" \/>\t\t\t\t\t\t\t\t\t\t\t\t\t\t\t<\/div>\n\t\t\t\t<\/div>\n\t\t\t\t<\/div>\n\t\t\t\t<\/div>\n\t\t\t\t\t<\/div>\n\t\t\t\t<\/div>\n\t\t<div class=\"elementor-element elementor-element-4eea405 e-flex e-con-boxed e-con e-parent\" data-id=\"4eea405\" data-element_type=\"container\" data-e-type=\"container\">\n\t\t\t\t\t<div class=\"e-con-inner\">\n\t\t<div class=\"elementor-element elementor-element-114f653 e-con-full e-flex e-con e-child\" data-id=\"114f653\" data-element_type=\"container\" data-e-type=\"container\">\n\t\t<div class=\"elementor-element elementor-element-71dc764 e-flex e-con-boxed e-con e-child\" data-id=\"71dc764\" data-element_type=\"container\" data-e-type=\"container\">\n\t\t\t\t\t<div class=\"e-con-inner\">\n\t\t\t\t<div class=\"elementor-element elementor-element-062b689 elementor-align-right elementor-mobile-align-center elementor-widget elementor-widget-button\" data-id=\"062b689\" data-element_type=\"widget\" data-e-type=\"widget\" data-widget_type=\"button.default\">\n\t\t\t\t<div class=\"elementor-widget-container\">\n\t\t\t\t\t\t\t\t\t<div class=\"elementor-button-wrapper\">\n\t\t\t\t\t<a class=\"elementor-button elementor-button-link elementor-size-sm\" href=\"https:\/\/gicopa.be\/index.php\/our-candies\/?lang=en\">\n\t\t\t\t\t\t<span class=\"elementor-button-content-wrapper\">\n\t\t\t\t\t\t\t\t\t<span class=\"elementor-button-text\">Gicopa products<\/span>\n\t\t\t\t\t<\/span>\n\t\t\t\t\t<\/a>\n\t\t\t\t<\/div>\n\t\t\t\t\t\t\t\t<\/div>\n\t\t\t\t<\/div>\n\t\t\t\t\t<\/div>\n\t\t\t\t<\/div>\n\t\t\t\t<\/div>\n\t\t<div class=\"elementor-element elementor-element-fe0adc9 e-con-full e-flex e-con e-child\" data-id=\"fe0adc9\" data-element_type=\"container\" data-e-type=\"container\">\n\t\t<div class=\"elementor-element elementor-element-acf4cae e-flex e-con-boxed e-con e-child\" data-id=\"acf4cae\" data-element_type=\"container\" data-e-type=\"container\">\n\t\t\t\t\t<div class=\"e-con-inner\">\n\t\t\t\t<div class=\"elementor-element elementor-element-9c4736b elementor-mobile-align-center elementor-widget elementor-widget-button\" data-id=\"9c4736b\" data-element_type=\"widget\" data-e-type=\"widget\" data-widget_type=\"button.default\">\n\t\t\t\t<div class=\"elementor-widget-container\">\n\t\t\t\t\t\t\t\t\t<div class=\"elementor-button-wrapper\">\n\t\t\t\t\t<a class=\"elementor-button elementor-button-link elementor-size-sm\" href=\"https:\/\/gicopa.be\/index.php\/our-shop\/?lang=en\">\n\t\t\t\t\t\t<span class=\"elementor-button-content-wrapper\">\n\t\t\t\t\t\t\t\t\t<span class=\"elementor-button-text\">Where to find Gicopa<\/span>\n\t\t\t\t\t<\/span>\n\t\t\t\t\t<\/a>\n\t\t\t\t<\/div>\n\t\t\t\t\t\t\t\t<\/div>\n\t\t\t\t<\/div>\n\t\t\t\t\t<\/div>\n\t\t\t\t<\/div>\n\t\t\t\t<\/div>\n\t\t\t\t\t<\/div>\n\t\t\t\t<\/div>\n\t\t\t\t<\/div>\n\t\t","protected":false},"excerpt":{"rendered":"<p>Our Story GIllard COnfiserie PAin d\u2019\u00e9pice The story of Gicopa (GIllard COnfiserie &amp; PAin d&rsquo;\u00e9pices) starts in 1895 in central Li\u00e8ge, south-east Belgium. On a daily basis Mr Gillard produces in his workshop sugar based candies, biscuits such as marzipan, macaroons, gingerbread as well as chocolats. Over the years the company becomes gradually more specialised [&hellip;]<\/p>\n","protected":false},"author":2,"featured_media":0,"parent":0,"menu_order":0,"comment_status":"closed","ping_status":"closed","template":"","meta":{"_acf_changed":false,"footnotes":""},"class_list":["post-3416","page","type-page","status-publish","hentry"],"acf":[],"yoast_head":"<!-- This site is optimized with the Yoast SEO plugin v27.4 - https:\/\/yoast.com\/product\/yoast-seo-wordpress\/ -->\n<title>our story - Gicopa<\/title>\n<meta name=\"robots\" content=\"index, follow, max-snippet:-1, max-image-preview:large, max-video-preview:-1\" \/>\n<link rel=\"canonical\" href=\"https:\/\/gicopa.be\/index.php\/our-story\/\" \/>\n<meta property=\"og:locale\" content=\"fr_FR\" \/>\n<meta property=\"og:type\" content=\"article\" \/>\n<meta property=\"og:title\" content=\"our story - Gicopa\" \/>\n<meta property=\"og:description\" content=\"Our Story GIllard COnfiserie PAin d\u2019\u00e9pice The story of Gicopa (GIllard COnfiserie &amp; PAin d&rsquo;\u00e9pices) starts in 1895 in central Li\u00e8ge, south-east Belgium. On a daily basis Mr Gillard produces in his workshop sugar based candies, biscuits such as marzipan, macaroons, gingerbread as well as chocolats. Over the years the company becomes gradually more specialised [&hellip;]\" \/>\n<meta property=\"og:url\" content=\"https:\/\/gicopa.be\/index.php\/our-story\/?lang=en\" \/>\n<meta property=\"og:site_name\" content=\"Gicopa\" \/>\n<meta property=\"article:modified_time\" content=\"2024-09-23T08:13:31+00:00\" \/>\n<meta property=\"og:image\" content=\"https:\/\/gicopa.be\/wp-content\/uploads\/2024\/03\/GICOPA___MR_ET_MME_GILLARD-copie-1-1.png\" \/>\n<meta name=\"twitter:card\" content=\"summary_large_image\" \/>\n<meta name=\"twitter:label1\" content=\"Dur\u00e9e de lecture estim\u00e9e\" \/>\n\t<meta name=\"twitter:data1\" content=\"2 minutes\" \/>\n<script type=\"application\/ld+json\" class=\"yoast-schema-graph\">{\"@context\":\"https:\\\/\\\/schema.org\",\"@graph\":[{\"@type\":\"WebPage\",\"@id\":\"https:\\\/\\\/gicopa.be\\\/index.php\\\/our-story\\\/?lang=en\",\"url\":\"https:\\\/\\\/gicopa.be\\\/index.php\\\/our-story\\\/?lang=en\",\"name\":\"our story - Gicopa\",\"isPartOf\":{\"@id\":\"https:\\\/\\\/gicopa.be\\\/#website\"},\"primaryImageOfPage\":{\"@id\":\"https:\\\/\\\/gicopa.be\\\/index.php\\\/our-story\\\/?lang=en#primaryimage\"},\"image\":{\"@id\":\"https:\\\/\\\/gicopa.be\\\/index.php\\\/our-story\\\/?lang=en#primaryimage\"},\"thumbnailUrl\":\"https:\\\/\\\/gicopa.be\\\/wp-content\\\/uploads\\\/2024\\\/03\\\/GICOPA___MR_ET_MME_GILLARD-copie-1-1.png\",\"datePublished\":\"2024-03-13T08:25:05+00:00\",\"dateModified\":\"2024-09-23T08:13:31+00:00\",\"breadcrumb\":{\"@id\":\"https:\\\/\\\/gicopa.be\\\/index.php\\\/our-story\\\/?lang=en#breadcrumb\"},\"inLanguage\":\"fr-FR\",\"potentialAction\":[{\"@type\":\"ReadAction\",\"target\":[\"https:\\\/\\\/gicopa.be\\\/index.php\\\/our-story\\\/?lang=en\"]}]},{\"@type\":\"ImageObject\",\"inLanguage\":\"fr-FR\",\"@id\":\"https:\\\/\\\/gicopa.be\\\/index.php\\\/our-story\\\/?lang=en#primaryimage\",\"url\":\"https:\\\/\\\/gicopa.be\\\/wp-content\\\/uploads\\\/2024\\\/03\\\/GICOPA___MR_ET_MME_GILLARD-copie-1-1.png\",\"contentUrl\":\"https:\\\/\\\/gicopa.be\\\/wp-content\\\/uploads\\\/2024\\\/03\\\/GICOPA___MR_ET_MME_GILLARD-copie-1-1.png\"},{\"@type\":\"BreadcrumbList\",\"@id\":\"https:\\\/\\\/gicopa.be\\\/index.php\\\/our-story\\\/?lang=en#breadcrumb\",\"itemListElement\":[{\"@type\":\"ListItem\",\"position\":1,\"name\":\"Accueil\",\"item\":\"https:\\\/\\\/gicopa.be\\\/\"},{\"@type\":\"ListItem\",\"position\":2,\"name\":\"our story\"}]},{\"@type\":\"WebSite\",\"@id\":\"https:\\\/\\\/gicopa.be\\\/#website\",\"url\":\"https:\\\/\\\/gicopa.be\\\/\",\"name\":\"Gicopa\",\"description\":\"Gicopa. La confiserie belge artisanale.\",\"publisher\":{\"@id\":\"https:\\\/\\\/gicopa.be\\\/#organization\"},\"potentialAction\":[{\"@type\":\"SearchAction\",\"target\":{\"@type\":\"EntryPoint\",\"urlTemplate\":\"https:\\\/\\\/gicopa.be\\\/?s={search_term_string}\"},\"query-input\":{\"@type\":\"PropertyValueSpecification\",\"valueRequired\":true,\"valueName\":\"search_term_string\"}}],\"inLanguage\":\"fr-FR\"},{\"@type\":\"Organization\",\"@id\":\"https:\\\/\\\/gicopa.be\\\/#organization\",\"name\":\"Gicopa\",\"url\":\"https:\\\/\\\/gicopa.be\\\/\",\"logo\":{\"@type\":\"ImageObject\",\"inLanguage\":\"fr-FR\",\"@id\":\"https:\\\/\\\/gicopa.be\\\/#\\\/schema\\\/logo\\\/image\\\/\",\"url\":\"https:\\\/\\\/gicopa.be\\\/wp-content\\\/uploads\\\/2023\\\/08\\\/LOGO-gicopa.svg\",\"contentUrl\":\"https:\\\/\\\/gicopa.be\\\/wp-content\\\/uploads\\\/2023\\\/08\\\/LOGO-gicopa.svg\",\"width\":1094,\"height\":606,\"caption\":\"Gicopa\"},\"image\":{\"@id\":\"https:\\\/\\\/gicopa.be\\\/#\\\/schema\\\/logo\\\/image\\\/\"}}]}<\/script>\n<!-- \/ Yoast SEO plugin. -->","yoast_head_json":{"title":"our story - Gicopa","robots":{"index":"index","follow":"follow","max-snippet":"max-snippet:-1","max-image-preview":"max-image-preview:large","max-video-preview":"max-video-preview:-1"},"canonical":"https:\/\/gicopa.be\/index.php\/our-story\/","og_locale":"fr_FR","og_type":"article","og_title":"our story - Gicopa","og_description":"Our Story GIllard COnfiserie PAin d\u2019\u00e9pice The story of Gicopa (GIllard COnfiserie &amp; PAin d&rsquo;\u00e9pices) starts in 1895 in central Li\u00e8ge, south-east Belgium. On a daily basis Mr Gillard produces in his workshop sugar based candies, biscuits such as marzipan, macaroons, gingerbread as well as chocolats. Over the years the company becomes gradually more specialised [&hellip;]","og_url":"https:\/\/gicopa.be\/index.php\/our-story\/?lang=en","og_site_name":"Gicopa","article_modified_time":"2024-09-23T08:13:31+00:00","og_image":[{"url":"https:\/\/gicopa.be\/wp-content\/uploads\/2024\/03\/GICOPA___MR_ET_MME_GILLARD-copie-1-1.png","type":"","width":"","height":""}],"twitter_card":"summary_large_image","twitter_misc":{"Dur\u00e9e de lecture estim\u00e9e":"2 minutes"},"schema":{"@context":"https:\/\/schema.org","@graph":[{"@type":"WebPage","@id":"https:\/\/gicopa.be\/index.php\/our-story\/?lang=en","url":"https:\/\/gicopa.be\/index.php\/our-story\/?lang=en","name":"our story - Gicopa","isPartOf":{"@id":"https:\/\/gicopa.be\/#website"},"primaryImageOfPage":{"@id":"https:\/\/gicopa.be\/index.php\/our-story\/?lang=en#primaryimage"},"image":{"@id":"https:\/\/gicopa.be\/index.php\/our-story\/?lang=en#primaryimage"},"thumbnailUrl":"https:\/\/gicopa.be\/wp-content\/uploads\/2024\/03\/GICOPA___MR_ET_MME_GILLARD-copie-1-1.png","datePublished":"2024-03-13T08:25:05+00:00","dateModified":"2024-09-23T08:13:31+00:00","breadcrumb":{"@id":"https:\/\/gicopa.be\/index.php\/our-story\/?lang=en#breadcrumb"},"inLanguage":"fr-FR","potentialAction":[{"@type":"ReadAction","target":["https:\/\/gicopa.be\/index.php\/our-story\/?lang=en"]}]},{"@type":"ImageObject","inLanguage":"fr-FR","@id":"https:\/\/gicopa.be\/index.php\/our-story\/?lang=en#primaryimage","url":"https:\/\/gicopa.be\/wp-content\/uploads\/2024\/03\/GICOPA___MR_ET_MME_GILLARD-copie-1-1.png","contentUrl":"https:\/\/gicopa.be\/wp-content\/uploads\/2024\/03\/GICOPA___MR_ET_MME_GILLARD-copie-1-1.png"},{"@type":"BreadcrumbList","@id":"https:\/\/gicopa.be\/index.php\/our-story\/?lang=en#breadcrumb","itemListElement":[{"@type":"ListItem","position":1,"name":"Accueil","item":"https:\/\/gicopa.be\/"},{"@type":"ListItem","position":2,"name":"our story"}]},{"@type":"WebSite","@id":"https:\/\/gicopa.be\/#website","url":"https:\/\/gicopa.be\/","name":"Gicopa","description":"Gicopa. La confiserie belge artisanale.","publisher":{"@id":"https:\/\/gicopa.be\/#organization"},"potentialAction":[{"@type":"SearchAction","target":{"@type":"EntryPoint","urlTemplate":"https:\/\/gicopa.be\/?s={search_term_string}"},"query-input":{"@type":"PropertyValueSpecification","valueRequired":true,"valueName":"search_term_string"}}],"inLanguage":"fr-FR"},{"@type":"Organization","@id":"https:\/\/gicopa.be\/#organization","name":"Gicopa","url":"https:\/\/gicopa.be\/","logo":{"@type":"ImageObject","inLanguage":"fr-FR","@id":"https:\/\/gicopa.be\/#\/schema\/logo\/image\/","url":"https:\/\/gicopa.be\/wp-content\/uploads\/2023\/08\/LOGO-gicopa.svg","contentUrl":"https:\/\/gicopa.be\/wp-content\/uploads\/2023\/08\/LOGO-gicopa.svg","width":1094,"height":606,"caption":"Gicopa"},"image":{"@id":"https:\/\/gicopa.be\/#\/schema\/logo\/image\/"}}]}},"_links":{"self":[{"href":"https:\/\/gicopa.be\/index.php\/wp-json\/wp\/v2\/pages\/3416","targetHints":{"allow":["GET"]}}],"collection":[{"href":"https:\/\/gicopa.be\/index.php\/wp-json\/wp\/v2\/pages"}],"about":[{"href":"https:\/\/gicopa.be\/index.php\/wp-json\/wp\/v2\/types\/page"}],"author":[{"embeddable":true,"href":"https:\/\/gicopa.be\/index.php\/wp-json\/wp\/v2\/users\/2"}],"replies":[{"embeddable":true,"href":"https:\/\/gicopa.be\/index.php\/wp-json\/wp\/v2\/comments?post=3416"}],"version-history":[{"count":26,"href":"https:\/\/gicopa.be\/index.php\/wp-json\/wp\/v2\/pages\/3416\/revisions"}],"predecessor-version":[{"id":3515,"href":"https:\/\/gicopa.be\/index.php\/wp-json\/wp\/v2\/pages\/3416\/revisions\/3515"}],"wp:attachment":[{"href":"https:\/\/gicopa.be\/index.php\/wp-json\/wp\/v2\/media?parent=3416"}],"curies":[{"name":"wp","href":"https:\/\/api.w.org\/{rel}","templated":true}]}}